{"id":81266,"date":"2025-05-25T15:43:15","date_gmt":"2025-05-25T15:43:15","guid":{"rendered":"https:\/\/drop-shot.com\/store\/produto\/bola-tenis-dunlop-australian-open-tubo-4un-2\/"},"modified":"2026-04-20T12:26:54","modified_gmt":"2026-04-20T12:26:54","slug":"bola-tenis-dunlop-australian-open-tubo-4un-2","status":"publish","type":"product","link":"https:\/\/drop-shot.com\/store\/produto\/bola-tenis-dunlop-australian-open-tubo-4un-2\/","title":{"rendered":"Bola T\u00e9nis Dunlop Australian Open (Tubo 4un)"},"content":{"rendered":"<p>O 1\u00ba torneio do Grand Slam do ano utiliza esta bola de T\u00e9nis de alto rendimento.<\/p>\n<p>As tecnologias HD Core e HD PRO Cloth facilitam a reprodu\u00e7\u00e3o em todas as superf\u00edcies.<\/p>\n<p>Onde quer que voc\u00ea jogue, como voc\u00ea treina.<\/p>\n<p>Uma coisa est\u00e1 subjacente a tudo isto, a bola de T\u00e9nis Dunlop.<\/p>\n<p>Obsessivamente trabalhado, meticulosamente projetado, oficialmente endossado.<\/p>\n<p>A bola oficial do Australian Open.<\/p>\n","protected":false},"excerpt":{"rendered":"<p>A bola oficial do Australian Open.<\/p>\n","protected":false},"featured_media":81286,"template":"","meta":[],"pwb-brand":[],"product_brand":[],"product_cat":[1370,1368],"product_tag":[],"class_list":{"0":"post-81266","1":"product","2":"type-product","3":"status-publish","4":"has-post-thumbnail","6":"product_cat-bolas-tenis","7":"product_cat-tenis","9":"first","10":"instock","11":"taxable","12":"shipping-taxable","13":"purchasable","14":"product-type-simple"},"brands":[],"_links":{"self":[{"href":"https:\/\/drop-shot.com\/store\/wp-json\/wp\/v2\/product\/81266","targetHints":{"allow":["GET"]}}],"collection":[{"href":"https:\/\/drop-shot.com\/store\/wp-json\/wp\/v2\/product"}],"about":[{"href":"https:\/\/drop-shot.com\/store\/wp-json\/wp\/v2\/types\/product"}],"version-history":[{"count":3,"href":"https:\/\/drop-shot.com\/store\/wp-json\/wp\/v2\/product\/81266\/revisions"}],"predecessor-version":[{"id":83963,"href":"https:\/\/drop-shot.com\/store\/wp-json\/wp\/v2\/product\/81266\/revisions\/83963"}],"wp:featuredmedia":[{"embeddable":true,"href":"https:\/\/drop-shot.com\/store\/wp-json\/wp\/v2\/media\/81286"}],"wp:attachment":[{"href":"https:\/\/drop-shot.com\/store\/wp-json\/wp\/v2\/media?parent=81266"}],"wp:term":[{"taxonomy":"pwb-brand","embeddable":true,"href":"https:\/\/drop-shot.com\/store\/wp-json\/wp\/v2\/pwb-brand?post=81266"},{"taxonomy":"product_brand","embeddable":true,"href":"https:\/\/drop-shot.com\/store\/wp-json\/wp\/v2\/product_brand?post=81266"},{"taxonomy":"product_cat","embeddable":true,"href":"https:\/\/drop-shot.com\/store\/wp-json\/wp\/v2\/product_cat?post=81266"},{"taxonomy":"product_tag","embeddable":true,"href":"https:\/\/drop-shot.com\/store\/wp-json\/wp\/v2\/product_tag?post=81266"}],"curies":[{"name":"wp","href":"https:\/\/api.w.org\/{rel}","templated":true}]}}