{"id":79468,"date":"2024-12-01T21:53:10","date_gmt":"2024-12-01T21:53:10","guid":{"rendered":"https:\/\/drop-shot.com\/store\/produto\/hidow-pro-belt\/"},"modified":"2026-04-17T13:32:09","modified_gmt":"2026-04-17T13:32:09","slug":"hidow-pro-belt","status":"publish","type":"product","link":"https:\/\/drop-shot.com\/store\/produto\/hidow-pro-belt\/","title":{"rendered":"Hidow Pro Belt"},"content":{"rendered":"<p>Utilizando a tecnologia TENS\/EMS avan\u00e7ada, esta faixa fornece impulsos el\u00e9ctricos suaves aos m\u00fasculos da zona lombar, promovendo o relaxamento, o al\u00edvio da dor e a recupera\u00e7\u00e3o muscular.<\/p>\n<p>O sistema de compress\u00e3o de camada dupla, com uma camada interior de neopreno espesso e uma camada exterior de el\u00e1stico com nervuras, garante um ajuste confort\u00e1vel que se adapta aos seus movimentos.<\/p>\n<p>Os fechos de velcro ajust\u00e1veis proporcionam um ajuste personalizado, reduzindo a press\u00e3o e aliviando a tens\u00e3o muscular.<\/p>\n<p>Perfeito para utiliza\u00e7\u00e3o em casa e em viagem, o cinto HiDow Pro integra-se perfeitamente em todos os dispositivos HiDow.<\/p>\n<p>O seu design compacto favorece uma melhor postura e ajuda no seu percurso de recupera\u00e7\u00e3o, permitindo-lhe movimentar-se com confian\u00e7a e facilidade. Entre no futuro dos cuidados com as costas com o HiDow Pro Belt e redefina o seu conforto di\u00e1rio.<\/p>\n<p>CARACTER\u00cdSTICAS PRINCIPAIS:<br \/>\n&#8211; Material e conforto inovadores: Compress\u00e3o de camada dupla com uma camada interior de neopreno de apoio e uma camada exterior el\u00e1stica com nervuras, leve e flex\u00edvel. Os fechos de velcro ajust\u00e1veis garantem um ajuste seguro;<br \/>\n&#8211; Terapia de precis\u00e3o: A tecnologia TENS\/EMS com quatro almofadas grandes proporciona uma estimula\u00e7\u00e3o el\u00e9ctrica direcionada para os m\u00fasculos da zona lombar;<br \/>\n&#8211; Ajuste personalizado: As tiras de velcro oferecem um ajuste personalizado e confort\u00e1vel;<br \/>\n&#8211; Aumento da flexibilidade: Alivia a tens\u00e3o e a press\u00e3o muscular, melhorando a flexibilidade e os movimentos;<br \/>\n&#8211; Durabilidade: Constru\u00e7\u00e3o de alta qualidade concebida para uma utiliza\u00e7\u00e3o a longo prazo;<br \/>\n&#8211; Compatibilidade universal: Compat\u00edvel com todos os dispositivos HiDow, tanto com fios como sem fios;<br \/>\n&#8211; Melhores resultados com o nosso Ion Perfect Conductor Spray;<br \/>\n&#8211; Terapia vers\u00e1til: Adequado para v\u00e1rias condi\u00e7\u00f5es e actividades, oferecendo al\u00edvio e apoio personalizados.<\/p>\n<p>O QUE EST\u00c1 INCLU\u00cdDO:<br \/>\n&#8211; Cinto HiDow Pro;<br \/>\n&#8211; Correia de velcro ajust\u00e1vel.<\/p>\n<p>ESPECIFICA\u00c7\u00d5ES T\u00c9CNICAS:<br \/>\n&#8211; Dimens\u00f5es: 115,5cm x 216cm<br \/>\n&#8211; Peso: 850g<\/p>\n","protected":false},"excerpt":{"rendered":"<p>Conhe\u00e7a a cinta HiDow Pro, onde a inovadora tecnologia TENS\/EMS se alia \u00e0 compress\u00e3o de camada dupla para o melhor apoio lombar.<\/p>\n<p>Mova-se livre e confortavelmente com esta faixa avan\u00e7ada concebida para aliviar o desconforto e melhorar a mobilidade.<\/p>\n","protected":false},"featured_media":79470,"template":"","meta":[],"pwb-brand":[],"product_brand":[],"product_cat":[2630,2629],"product_tag":[],"class_list":{"0":"post-79468","1":"product","2":"type-product","3":"status-publish","4":"has-post-thumbnail","6":"product_cat-acessorios-abracadeiras-premium","7":"product_cat-electroestimulacao-massagem-e-postura","9":"first","10":"instock","11":"taxable","12":"shipping-taxable","13":"purchasable","14":"product-type-simple"},"brands":[],"_links":{"self":[{"href":"https:\/\/drop-shot.com\/store\/wp-json\/wp\/v2\/product\/79468","targetHints":{"allow":["GET"]}}],"collection":[{"href":"https:\/\/drop-shot.com\/store\/wp-json\/wp\/v2\/product"}],"about":[{"href":"https:\/\/drop-shot.com\/store\/wp-json\/wp\/v2\/types\/product"}],"version-history":[{"count":8,"href":"https:\/\/drop-shot.com\/store\/wp-json\/wp\/v2\/product\/79468\/revisions"}],"predecessor-version":[{"id":84131,"href":"https:\/\/drop-shot.com\/store\/wp-json\/wp\/v2\/product\/79468\/revisions\/84131"}],"wp:featuredmedia":[{"embeddable":true,"href":"https:\/\/drop-shot.com\/store\/wp-json\/wp\/v2\/media\/79470"}],"wp:attachment":[{"href":"https:\/\/drop-shot.com\/store\/wp-json\/wp\/v2\/media?parent=79468"}],"wp:term":[{"taxonomy":"pwb-brand","embeddable":true,"href":"https:\/\/drop-shot.com\/store\/wp-json\/wp\/v2\/pwb-brand?post=79468"},{"taxonomy":"product_brand","embeddable":true,"href":"https:\/\/drop-shot.com\/store\/wp-json\/wp\/v2\/product_brand?post=79468"},{"taxonomy":"product_cat","embeddable":true,"href":"https:\/\/drop-shot.com\/store\/wp-json\/wp\/v2\/product_cat?post=79468"},{"taxonomy":"product_tag","embeddable":true,"href":"https:\/\/drop-shot.com\/store\/wp-json\/wp\/v2\/product_tag?post=79468"}],"curies":[{"name":"wp","href":"https:\/\/api.w.org\/{rel}","templated":true}]}}