{"id":72801,"date":"2023-05-01T15:22:13","date_gmt":"2023-05-01T15:22:13","guid":{"rendered":"https:\/\/drop-shot.com\/store\/produto\/t-shirt-sem-mangas-dunlop-performance-tank-senhora-preto-rosa\/"},"modified":"2026-04-17T13:18:24","modified_gmt":"2026-04-17T13:18:24","slug":"t-shirt-sem-mangas-dunlop-performance-tank-senhora-preto-rosa","status":"publish","type":"product","link":"https:\/\/drop-shot.com\/store\/produto\/t-shirt-sem-mangas-dunlop-performance-tank-senhora-preto-rosa\/","title":{"rendered":"T-Shirt sem Mangas Dunlop Performance Tank Senhora (Preto,Rosa)"},"content":{"rendered":"<p>Este Top apresenta um formato apelativo e n\u00e3o possui mangas.<\/p>\n<p>A tecnologia super absorvente Dunlop Aero espalha o suor do corpo para o exterior do tecido para conseguir uma sensa\u00e7\u00e3o de secura e arrefecimento durante o exerc\u00edcio.<\/p>\n<p>Cor: Preto\/Rosa<br \/>\nTecido: 90% Poli\u00e9ster com 10% Spandex 180g<br \/>\nMalha: 75% Poli\u00e9ster com 25% Spandex 160g<\/p>\n","protected":false},"excerpt":{"rendered":"<p>A T-Shirt \u00e9 confort\u00e1vel e elegante e pertence \u00e0 colec\u00e7\u00e3o Performance.<\/p>\n<p>Esta colec\u00e7\u00e3o cont\u00e9m roupas modernas projectadas para jogadores de todos os n\u00edveis.<\/p>\n","protected":false},"featured_media":72960,"template":"","meta":[],"pwb-brand":[103],"product_brand":[],"product_cat":[1814,1817],"product_tag":[],"class_list":{"0":"post-72801","1":"product","2":"type-product","3":"status-publish","4":"has-post-thumbnail","6":"pwb-brand-dunlop","7":"product_cat-promocoes","8":"product_cat-textil-promocoes","10":"first","11":"instock","12":"sale","13":"taxable","14":"shipping-taxable","15":"purchasable","16":"product-type-variable","17":"wvs-archive-product-wrapper"},"brands":[{"id":103,"name":"Dunlop","slug":"dunlop"}],"_links":{"self":[{"href":"https:\/\/drop-shot.com\/store\/wp-json\/wp\/v2\/product\/72801","targetHints":{"allow":["GET"]}}],"collection":[{"href":"https:\/\/drop-shot.com\/store\/wp-json\/wp\/v2\/product"}],"about":[{"href":"https:\/\/drop-shot.com\/store\/wp-json\/wp\/v2\/types\/product"}],"version-history":[{"count":8,"href":"https:\/\/drop-shot.com\/store\/wp-json\/wp\/v2\/product\/72801\/revisions"}],"predecessor-version":[{"id":84475,"href":"https:\/\/drop-shot.com\/store\/wp-json\/wp\/v2\/product\/72801\/revisions\/84475"}],"wp:featuredmedia":[{"embeddable":true,"href":"https:\/\/drop-shot.com\/store\/wp-json\/wp\/v2\/media\/72960"}],"wp:attachment":[{"href":"https:\/\/drop-shot.com\/store\/wp-json\/wp\/v2\/media?parent=72801"}],"wp:term":[{"taxonomy":"pwb-brand","embeddable":true,"href":"https:\/\/drop-shot.com\/store\/wp-json\/wp\/v2\/pwb-brand?post=72801"},{"taxonomy":"product_brand","embeddable":true,"href":"https:\/\/drop-shot.com\/store\/wp-json\/wp\/v2\/product_brand?post=72801"},{"taxonomy":"product_cat","embeddable":true,"href":"https:\/\/drop-shot.com\/store\/wp-json\/wp\/v2\/product_cat?post=72801"},{"taxonomy":"product_tag","embeddable":true,"href":"https:\/\/drop-shot.com\/store\/wp-json\/wp\/v2\/product_tag?post=72801"}],"curies":[{"name":"wp","href":"https:\/\/api.w.org\/{rel}","templated":true}]}}