{"id":72763,"date":"2023-05-01T14:17:38","date_gmt":"2023-05-01T14:17:38","guid":{"rendered":"https:\/\/drop-shot.com\/store\/produto\/casaco-dunlop-side-tape-jacket-homem-preto\/"},"modified":"2026-04-17T13:10:46","modified_gmt":"2026-04-17T13:10:46","slug":"casaco-dunlop-side-tape-jacket-homem-preto","status":"publish","type":"product","link":"https:\/\/drop-shot.com\/store\/produto\/casaco-dunlop-side-tape-jacket-homem-preto\/","title":{"rendered":"Casaco Dunlop Side Tape Jacket Homem (Preto)"},"content":{"rendered":"<p>O Dunlop Mens Track Jacket Side Tape \u00e9 um casaco moderno e desportivo da colec\u00e7\u00e3o t\u00eaxtil Dunlop.<\/p>\n<p>Gra\u00e7as \u00e0 sua cor e formato, voc\u00ea pode entrar em campo com uma roupa de T\u00e9nis desportiva e confort\u00e1vel.<\/p>\n<p>Permite um excelente ajuste e \u00e9 muito confort\u00e1vel de usar.<\/p>\n<p>Tem dois bolsos laterais profundos com fecho e um fecho complecto com uma gola de p\u00e9 que oferece uma protec\u00e7\u00e3o especial contra o frio.<\/p>\n<p>Este casaco \u00e9 ideal para usar antes e depois do treino, mas tamb\u00e9m oferece uma sensa\u00e7\u00e3o confort\u00e1vel no campo.<\/p>\n","protected":false},"excerpt":{"rendered":"<p>Um casaco perfeito que oferece excelente ventila\u00e7\u00e3o e alta durabilidade.<\/p>\n","protected":false},"featured_media":72909,"template":"","meta":[],"pwb-brand":[103],"product_brand":[],"product_cat":[1814,1817],"product_tag":[],"class_list":{"0":"post-72763","1":"product","2":"type-product","3":"status-publish","4":"has-post-thumbnail","6":"pwb-brand-dunlop","7":"product_cat-promocoes","8":"product_cat-textil-promocoes","10":"first","11":"instock","12":"sale","13":"taxable","14":"shipping-taxable","15":"purchasable","16":"product-type-variable","17":"wvs-archive-product-wrapper"},"brands":[{"id":103,"name":"Dunlop","slug":"dunlop"}],"_links":{"self":[{"href":"https:\/\/drop-shot.com\/store\/wp-json\/wp\/v2\/product\/72763","targetHints":{"allow":["GET"]}}],"collection":[{"href":"https:\/\/drop-shot.com\/store\/wp-json\/wp\/v2\/product"}],"about":[{"href":"https:\/\/drop-shot.com\/store\/wp-json\/wp\/v2\/types\/product"}],"version-history":[{"count":8,"href":"https:\/\/drop-shot.com\/store\/wp-json\/wp\/v2\/product\/72763\/revisions"}],"predecessor-version":[{"id":84445,"href":"https:\/\/drop-shot.com\/store\/wp-json\/wp\/v2\/product\/72763\/revisions\/84445"}],"wp:featuredmedia":[{"embeddable":true,"href":"https:\/\/drop-shot.com\/store\/wp-json\/wp\/v2\/media\/72909"}],"wp:attachment":[{"href":"https:\/\/drop-shot.com\/store\/wp-json\/wp\/v2\/media?parent=72763"}],"wp:term":[{"taxonomy":"pwb-brand","embeddable":true,"href":"https:\/\/drop-shot.com\/store\/wp-json\/wp\/v2\/pwb-brand?post=72763"},{"taxonomy":"product_brand","embeddable":true,"href":"https:\/\/drop-shot.com\/store\/wp-json\/wp\/v2\/product_brand?post=72763"},{"taxonomy":"product_cat","embeddable":true,"href":"https:\/\/drop-shot.com\/store\/wp-json\/wp\/v2\/product_cat?post=72763"},{"taxonomy":"product_tag","embeddable":true,"href":"https:\/\/drop-shot.com\/store\/wp-json\/wp\/v2\/product_tag?post=72763"}],"curies":[{"name":"wp","href":"https:\/\/api.w.org\/{rel}","templated":true}]}}