{"id":70185,"date":"2022-12-19T11:08:33","date_gmt":"2022-12-19T11:08:33","guid":{"rendered":"https:\/\/drop-shot.com\/store\/produto\/toalha-dunlop-35cm-x-90cm-branco-preto\/"},"modified":"2026-04-17T13:15:15","modified_gmt":"2026-04-17T13:15:15","slug":"toalha-dunlop-35cm-x-90cm-branco-preto","status":"publish","type":"product","link":"https:\/\/drop-shot.com\/store\/produto\/toalha-dunlop-35cm-x-90cm-branco-preto\/","title":{"rendered":"Toalha Dunlop 35cm x 90cm (Branco,Preto)"},"content":{"rendered":"<p>A toalha de T\u00e9nis Dunlop \u00e9 \u00fatil para a utiliza\u00e7\u00e3o em campo ou para o chuveiro.<\/p>\n<p>Feita de material macio em tecido de algod\u00e3o ultra-absorvente.<\/p>\n<p>Tem o tamanho perfeito para caber na sua mala.<\/p>\n<p>Detalhes:<br \/>\n&#8211; Log\u00f3tipo bordado Dunlop<br \/>\n&#8211; Dimens\u00f5es (cm): L:35 x A:90<br \/>\n&#8211; Tecido: 100% algod\u00e3o<\/p>\n","protected":false},"excerpt":{"rendered":"<p>Toalha macia e ultra-absorvente para o treino di\u00e1rio.<\/p>\n","protected":false},"featured_media":72876,"template":"","meta":[],"pwb-brand":[103],"product_brand":[],"product_cat":[1380,1377],"product_tag":[],"class_list":{"0":"post-70185","1":"product","2":"type-product","3":"status-publish","4":"has-post-thumbnail","6":"pwb-brand-dunlop","7":"product_cat-essenciais","8":"product_cat-textil","10":"first","11":"outofstock","12":"sale","13":"taxable","14":"shipping-taxable","15":"purchasable","16":"product-type-simple"},"brands":[{"id":103,"name":"Dunlop","slug":"dunlop"}],"_links":{"self":[{"href":"https:\/\/drop-shot.com\/store\/wp-json\/wp\/v2\/product\/70185","targetHints":{"allow":["GET"]}}],"collection":[{"href":"https:\/\/drop-shot.com\/store\/wp-json\/wp\/v2\/product"}],"about":[{"href":"https:\/\/drop-shot.com\/store\/wp-json\/wp\/v2\/types\/product"}],"version-history":[{"count":9,"href":"https:\/\/drop-shot.com\/store\/wp-json\/wp\/v2\/product\/70185\/revisions"}],"predecessor-version":[{"id":83946,"href":"https:\/\/drop-shot.com\/store\/wp-json\/wp\/v2\/product\/70185\/revisions\/83946"}],"wp:featuredmedia":[{"embeddable":true,"href":"https:\/\/drop-shot.com\/store\/wp-json\/wp\/v2\/media\/72876"}],"wp:attachment":[{"href":"https:\/\/drop-shot.com\/store\/wp-json\/wp\/v2\/media?parent=70185"}],"wp:term":[{"taxonomy":"pwb-brand","embeddable":true,"href":"https:\/\/drop-shot.com\/store\/wp-json\/wp\/v2\/pwb-brand?post=70185"},{"taxonomy":"product_brand","embeddable":true,"href":"https:\/\/drop-shot.com\/store\/wp-json\/wp\/v2\/product_brand?post=70185"},{"taxonomy":"product_cat","embeddable":true,"href":"https:\/\/drop-shot.com\/store\/wp-json\/wp\/v2\/product_cat?post=70185"},{"taxonomy":"product_tag","embeddable":true,"href":"https:\/\/drop-shot.com\/store\/wp-json\/wp\/v2\/product_tag?post=70185"}],"curies":[{"name":"wp","href":"https:\/\/api.w.org\/{rel}","templated":true}]}}