{"id":70139,"date":"2022-12-19T11:03:30","date_gmt":"2022-12-19T11:03:30","guid":{"rendered":"https:\/\/drop-shot.com\/store\/produto\/saco-dunlop-fx-performance-backpack-pretoazul-2\/"},"modified":"2026-04-17T13:12:04","modified_gmt":"2026-04-17T13:12:04","slug":"saco-dunlop-fx-performance-backpack-pretoazul-2","status":"publish","type":"product","link":"https:\/\/drop-shot.com\/store\/produto\/saco-dunlop-fx-performance-backpack-pretoazul-2\/","title":{"rendered":"Saco Dunlop FX Performance Backpack (Preto,Azul)"},"content":{"rendered":"<p>A mochila FX Performance Backpack \u00e9 um saco de qualidade superior e vers\u00e1til concebido para jogadores de t\u00e9nis.<\/p>\n<p>Possui v\u00e1rios compartimentos para uma arruma\u00e7\u00e3o organizada de raquetes, vestu\u00e1rio e acess\u00f3rios.<\/p>\n<p>Fabricada com materiais de alta qualidade, oferece durabilidade, prote\u00e7\u00e3o refor\u00e7ada e conforto ergon\u00f3mico.<\/p>\n<p>Com o seu design elegante em preto e azul, esta mochila \u00e9 simultaneamente elegante e pr\u00e1tica para treinos ou jogos.<\/p>\n<p>A mochila FX Performance Backpack \u00e9 uma mochila de qualidade superior, dur\u00e1vel e vers\u00e1til, concebida para jogadores que necessitam de uma solu\u00e7\u00e3o compacta mas espa\u00e7osa para transportar o seu equipamento.<\/p>\n<p>Com um design elegante em preto e azul, esta mochila oferece materiais de alta qualidade, armazenamento optimizado e conforto ergon\u00f3mico, tornando-a ideal para treinos, jogos ou utiliza\u00e7\u00e3o di\u00e1ria.<\/p>\n<p>Carater\u00edsticas principais:<br \/>\n&#8211; Armazenamento vers\u00e1til: V\u00e1rios compartimentos proporcionam uma organiza\u00e7\u00e3o eficiente para raquetes, vestu\u00e1rio e acess\u00f3rios;<br \/>\n&#8211; Materiais de primeira qualidade: Constru\u00eddo em poli\u00e9ster 600D + PU2 e poli\u00e9ster 1680D + PU2 com PVC, garantindo a m\u00e1xima durabilidade e resist\u00eancia ao desgaste;<br \/>\n&#8211; Compacto e leve: Ideal para jogadores que preferem uma alternativa port\u00e1til aos sacos de raquetes tradicionais;<br \/>\n&#8211; Prote\u00e7\u00e3o refor\u00e7ada: Os materiais revestidos a PU aumentam a durabilidade e a resist\u00eancia contra os elementos externos;<br \/>\n&#8211; Conforto ergon\u00f3mico: As al\u00e7as de ombro e o painel traseiro acolchoados garantem uma experi\u00eancia de transporte confort\u00e1vel;<br \/>\n&#8211; Aspeto elegante e desportivo: A combina\u00e7\u00e3o de cores preto e azul proporciona um aspeto moderno e profissional.<\/p>\n<p>Para os jogadores que procuram uma mochila de t\u00e9nis funcional, dur\u00e1vel e elegante, a FX Performance Backpack \u00e9 uma excelente escolha.<\/p>\n<p>Tamanho (cm): L:34 x C:24 x A:48<br \/>\nVolume (l): 32<\/p>\n","protected":false},"excerpt":{"rendered":"<p>Uma mochila leve, bem concebida e \u00f3ptima para viajar ou desloca\u00e7\u00e3o ao clube\/campo de jogo.<\/p>\n","protected":false},"featured_media":71735,"template":"","meta":[],"pwb-brand":[103],"product_brand":[],"product_cat":[1815,1814,1368,1818],"product_tag":[],"class_list":{"0":"post-70139","1":"product","2":"type-product","3":"status-publish","4":"has-post-thumbnail","6":"pwb-brand-dunlop","7":"product_cat-bagagem-promocoes","8":"product_cat-promocoes","9":"product_cat-tenis","10":"product_cat-tenis-promocoes","12":"first","13":"instock","14":"sale","15":"taxable","16":"shipping-taxable","17":"purchasable","18":"product-type-simple"},"brands":[{"id":103,"name":"Dunlop","slug":"dunlop"}],"_links":{"self":[{"href":"https:\/\/drop-shot.com\/store\/wp-json\/wp\/v2\/product\/70139","targetHints":{"allow":["GET"]}}],"collection":[{"href":"https:\/\/drop-shot.com\/store\/wp-json\/wp\/v2\/product"}],"about":[{"href":"https:\/\/drop-shot.com\/store\/wp-json\/wp\/v2\/types\/product"}],"version-history":[{"count":21,"href":"https:\/\/drop-shot.com\/store\/wp-json\/wp\/v2\/product\/70139\/revisions"}],"predecessor-version":[{"id":84525,"href":"https:\/\/drop-shot.com\/store\/wp-json\/wp\/v2\/product\/70139\/revisions\/84525"}],"wp:featuredmedia":[{"embeddable":true,"href":"https:\/\/drop-shot.com\/store\/wp-json\/wp\/v2\/media\/71735"}],"wp:attachment":[{"href":"https:\/\/drop-shot.com\/store\/wp-json\/wp\/v2\/media?parent=70139"}],"wp:term":[{"taxonomy":"pwb-brand","embeddable":true,"href":"https:\/\/drop-shot.com\/store\/wp-json\/wp\/v2\/pwb-brand?post=70139"},{"taxonomy":"product_brand","embeddable":true,"href":"https:\/\/drop-shot.com\/store\/wp-json\/wp\/v2\/product_brand?post=70139"},{"taxonomy":"product_cat","embeddable":true,"href":"https:\/\/drop-shot.com\/store\/wp-json\/wp\/v2\/product_cat?post=70139"},{"taxonomy":"product_tag","embeddable":true,"href":"https:\/\/drop-shot.com\/store\/wp-json\/wp\/v2\/product_tag?post=70139"}],"curies":[{"name":"wp","href":"https:\/\/api.w.org\/{rel}","templated":true}]}}