{"id":70017,"date":"2022-12-19T10:49:47","date_gmt":"2022-12-19T10:49:47","guid":{"rendered":"https:\/\/drop-shot.com\/store\/produto\/volante-badminton-carlton-c100-branco-medioazultubo-6un\/"},"modified":"2026-04-29T15:07:39","modified_gmt":"2026-04-29T15:07:39","slug":"volante-badminton-carlton-c100-branco-medioazultubo-6un","status":"publish","type":"product","link":"https:\/\/drop-shot.com\/store\/produto\/volante-badminton-carlton-c100-branco-medioazultubo-6un\/","title":{"rendered":"Volante Badminton Carlton C100 Branco (M\u00e9dio,Azul,Tubo 6un)"},"content":{"rendered":"<p>Desenvolvidos na perfei\u00e7\u00e3o, estes volantes foram concebidos com precis\u00e3o para proporcionar alta velocidade e estabilidade ao seu jogo.<\/p>\n<p>A embalagem inclui 6 unidades que certamente durar\u00e3o v\u00e1rios jogos.<\/p>\n<p>A sua cor azul garante uma excelente visibilidade.<\/p>\n<p>Conhecidos pela sua excelente durabilidade, estas volantes s\u00e3o \u00f3ptimos para jogadores de todos os n\u00edveis.<\/p>\n<p>Eles s\u00e3o perfeitos para uso em treino ou em jogos competitivos, tornando-os um excelente investimento para jogadores s\u00e9rios de Badminton.<\/p>\n<p>Com o volante de Badminton Carlton C100, voc\u00ea tem a garantia de um jogo emocionante e intenso.<\/p>\n<p>Eleve o seu jogo para o pr\u00f3ximo n\u00edvel.<\/p>\n","protected":false},"excerpt":{"rendered":"<p>As Volantes de Badminton Carton C100 s\u00e3o uma excelente escolha para um excelente desempenho em campo.<\/p>\n","protected":false},"featured_media":71006,"template":"","meta":[],"pwb-brand":[104],"product_brand":[],"product_cat":[1339,1343],"product_tag":[],"class_list":{"0":"post-70017","1":"product","2":"type-product","3":"status-publish","4":"has-post-thumbnail","6":"pwb-brand-carlton","7":"product_cat-badminton","8":"product_cat-volantes","10":"first","11":"outofstock","12":"sale","13":"taxable","14":"shipping-taxable","15":"purchasable","16":"product-type-simple"},"brands":[{"id":104,"name":"Carlton","slug":"carlton"}],"_links":{"self":[{"href":"https:\/\/drop-shot.com\/store\/wp-json\/wp\/v2\/product\/70017","targetHints":{"allow":["GET"]}}],"collection":[{"href":"https:\/\/drop-shot.com\/store\/wp-json\/wp\/v2\/product"}],"about":[{"href":"https:\/\/drop-shot.com\/store\/wp-json\/wp\/v2\/types\/product"}],"version-history":[{"count":9,"href":"https:\/\/drop-shot.com\/store\/wp-json\/wp\/v2\/product\/70017\/revisions"}],"predecessor-version":[{"id":83756,"href":"https:\/\/drop-shot.com\/store\/wp-json\/wp\/v2\/product\/70017\/revisions\/83756"}],"wp:featuredmedia":[{"embeddable":true,"href":"https:\/\/drop-shot.com\/store\/wp-json\/wp\/v2\/media\/71006"}],"wp:attachment":[{"href":"https:\/\/drop-shot.com\/store\/wp-json\/wp\/v2\/media?parent=70017"}],"wp:term":[{"taxonomy":"pwb-brand","embeddable":true,"href":"https:\/\/drop-shot.com\/store\/wp-json\/wp\/v2\/pwb-brand?post=70017"},{"taxonomy":"product_brand","embeddable":true,"href":"https:\/\/drop-shot.com\/store\/wp-json\/wp\/v2\/product_brand?post=70017"},{"taxonomy":"product_cat","embeddable":true,"href":"https:\/\/drop-shot.com\/store\/wp-json\/wp\/v2\/product_cat?post=70017"},{"taxonomy":"product_tag","embeddable":true,"href":"https:\/\/drop-shot.com\/store\/wp-json\/wp\/v2\/product_tag?post=70017"}],"curies":[{"name":"wp","href":"https:\/\/api.w.org\/{rel}","templated":true}]}}